 w. List the prime factors of y.
3, 5
Let c(h) = -16*h**3 + h**2 - 5*h - 5. Let r(z) = -z**3 - z - 1. Let v(q) = -c(q) + 5*r(q). List the prime factors of v(1).
2, 5
Let m(i) = -19*i**2 + 6*i + 6. Let w(q) = -4*q**2 + q + 1. Let t(h) = 2*m(h) - 11*w(h). List the prime factors of t(-2).
23
Let v = -1 + 1. Let r = -35 + 38. Suppose p - r = -v*p. What are the prime factors of p?
3
Suppose 0 = -8*y - 150 + 758. What are the prime factors of y?
2, 19
Let f be -13*(-3 + -2) - 2. Suppose -p = 3*x - f, -59 = -4*x - 4*p + 25. What are the prime factors of x?
3, 7
Suppose 0 = -l + 2*l - 3. Suppose 1 = -2*b + r, 8 - 34 = -l*b - 4*r. Suppose 0 = n - b, -n = -4*y - 0*n + 14. What are the prime factors of y?
2
What are the prime factors of 1359/15 + 2/5?
7, 13
Let i(x) = -2*x - 4. Let s be i(-8). Suppose 0 = -f - 2*f + s. Let q(m) = -m**3 + 5*m**2 - 2*m + 4. List the prime factors of q(f).
2, 3
Suppose -3*v = 5*t - 36 - 7, 0 = 5*t + 2*v - 42. Let s = t - 3. List the prime factors of s.
5
Let y(k) be the third derivative of 17*k**6/120 + k**5/60 - k**4/24 + k**3/6 - k**2. What are the prime factors of y(1)?
2, 3
Suppose 77 = 5*h + 2. Let a = h + -11. Suppose -a*l = -3*w + 1, l + 4*l = 25. What are the prime factors of w?
7
Suppose n - 2*s - 6 = -n, 5*s = -2*n + 41. Suppose 0 = p - n. List the prime factors of p.
2
Let z(y) = y**3 - y**2 + 3*y - 1. What are the prime factors of z(2)?
3
What are the prime factors of ((-2)/(-3))/((-4)/(-162))?
3
Let r be (3 + -6)*2/(-3). Suppose -6*p + r*p = -8. Suppose 0 = -4*t + 2*f + p*f + 36, 3*t = -2*f + 32. What are the prime factors of t?
2, 5
Let l(x) = -3*x**2 + 10*x - 3. Let w(o) = -7*o**2 + 21*o - 7. Let t(q) = 9*l(q) - 4*w(q). Let g be t(-5). List the prime factors of (-5)/((-10)/g) + 7.
5
Let h = 21 + -11. Let m = -5 - -9. Suppose -h = -m*n - 2. List the prime factors of n.
2
Let b(t) = -3*t**3 - 5*t**2 - 4*t + 11. What are the prime factors of b(-5)?
281
Suppose 3*j - 126 = j. Suppose 5*y = j + 57. Suppose 5*o - 11 = -n, -4*o + y = 4*n - 20. What are the prime factors of n?
11
Let z(r) = 53*r**2. What are the prime factors of z(1)?
53
Let o be (-5 - 1)*(-6)/4. Suppose -2*l - 1 = -o. Suppose 0 = l*f - 8 - 4. List the prime factors of f.
3
Let y = 4 + -7. Let d = y - -10. Suppose d = 4*v + 3*t, 0 = 4*v + 4*t + 3 - 7. What are the prime factors of v?
2
Suppose -2*a = -k + 48, -33 - 44 = 3*a - 4*k. Let q = a + 35. What are the prime factors of 6/((-2)/(q/(-9)))?
2
Suppose o - 2*o - 3*p - 51 = 0, 3*p = 2*o + 129. List the prime factors of ((-48)/10)/(12/o).
2, 3
Let v(f) = f**2 - 7*f + 43. What are the prime factors of v(9)?
61
Let o(a) = 3*a**2 - 2*a + 5. List the prime factors of o(3).
2, 13
Suppose 0 = 2*n + 2 - 8. Suppose 3*y + 0 = n. Suppose 9 + y = 2*w. What are the prime factors of w?
5
Let j(b) = -43*b**3 + 3*b**2 + b - 1. List the prime factors of j(-1).
2, 11
Let i(g) be the second derivative of -g**4/12 + 4*g**3/3 - 3*g**2 + 2*g. Let a be i(6). Suppose -4*y = -18 - a. What are the prime factors of y?
2, 3
List the prime factors of 53 - (-4 - (-3 + 1)).
5, 11
Suppose 9*n = 4*m + 4*n - 42, -n + 67 = 5*m. List the prime factors of m.
13
Suppose -3*p - 12 = -0*p. Let t = p + 6. Suppose v + 13 = t*v. List the prime factors of v.
13
Let z(l) = 13*l - 12. Let p(o) = -3*o + 3. Let m(v) = 9*p(v) + 2*z(v). Let b(q) = -q**2 + 3*q. Let a be b(3). List the prime factors of m(a).
3
Let v = 31 + -15. Suppose 3*s = -15, 4*l - 3*s - 223 = v. What are the prime factors of l?
2, 7
Let m be (-16)/(-72) - (-896)/18. Suppose 2*u - m = a, -4*u - a + 75 = -u. Suppose 2*o - 2*i + 3*i - u = 0, 2*o - 3*i - 13 = 0. What are the prime factors of o?
11
Let i(t) = t**3 - t**2 + t + 1. Let z be 4 - 6 - (1 + -2). Let x be i(z). Let b(h) = 5*h**2 + 2*h - 2. List the prime factors of b(x).
2, 7
Let b(v) = -v**3 - 3*v**2 - 2*v + 2. Let f be b(-2). Suppose -q = -f - 8. Let y = q - 1. List the prime factors of y.
3
Let x be (-6 - 37) + (-2 - -5). List the prime factors of (48/x)/(2/(-10)).
2, 3
Let c(p) = p**2 + 1. Let a be c(1). Suppose -5 = -a*u + 19. List the prime factors of u.
2, 3
Let n be 2/9 - (-70)/9. Suppose -2*l + 2*x - n = -3*l, -4*x + 52 = 4*l. What are the prime factors of l?
2, 3
Let v = 149 - 14. Suppose 4*g = -5*k + v, 0*g - 4*k + 171 = 5*g. List the prime factors of g.
5, 7
Suppose -2*n - 2*j = -54, n = -2*j - 1 + 31. Suppose 2*u = n - 4. What are the prime factors of u?
2, 5
Let b(a) = a**3 - 9*a**2 - 16*a - 13. What are the prime factors of b(12)?
227
Let k be (4 - 8)/(0 - 1). Suppose 4 = -a - 2*l, l - 10 - 2 = -k*a. What are the prime factors of a?
2
Let w(a) = a + 14. Let n be w(-11). Suppose 0 = 5*v + n*c - 59, -2*v + 37 = v + c. List the prime factors of -2 + v - (2 - 3).
2, 3
Let i(r) = r**2 + 30. What are the prime factors of i(0)?
2, 3, 5
Let u(n) = 10*n - 17. List the prime factors of u(11).
3, 31
Suppose -3*y + 20 = -0*o + o, -2*y = 4*o - 100. Suppose 0 = 3*i + 2*i + 70. Let l = i + o. List the prime factors of l.
2, 3
Suppose 0 = -3*d + 3*u + 6, -d = 3*d - 5*u - 5. Suppose -2*v + 4*p + 6 = 0, d*v - 3*v = 5*p + 6. What are the prime factors of v?
3
Let r(n) = -2*n + 8. Let s be r(-6). What are the prime factors of 18/4*s/6?
3, 5
Suppose -4*y = -v + 17, 1 + 2 = -2*y - 5*v. List the prime factors of ((-5)/y)/(6/120).
5
Let d(y) = -y**3 + 9*y**2 - 5*y + 4. Let k be d(7). Let s = k - 48. Suppose 0 = 2*j + u - 25, 5*j - s = 3*j + u. What are the prime factors of j?
11
Let b(t) be the third derivative of t**6/120 + 7*t**5/60 - t**4/24 + 7*t**3/6 + t**2. List the prime factors of b(-7).
2, 7
Suppose 3*n + n = 8. Suppose 3*c = n*c + 1. Let o(i) = 7*i**3 - 2*i**2 + 1. List the prime factors of o(c).
2, 3
What are the prime factors of -1 + (-24 + 1)*-2?
3, 5
Suppose -11*i + 7*i = -68. What are the prime factors of i?
17
Suppose 3*n + 0*n = -5*t + 134, -5*n + 5*t + 210 = 0. What are the prime factors of n?
43
Let x be (-3 - -1)*(-1 + -1). Suppose -5*n = 7*j - 3*j - 15, 0 = -2*j + 10. Let s = x + n. List the prime factors of s.
3
Let a(j) = j**3 + 8*j**2 - 10*j - 6. What are the prime factors of a(-9)?
3
What are the prime factors of 1*(-5)/15*-219?
73
Let v be 2*2*4/8. Suppose m - 66 = 4*x, -5*m + 0 + 242 = v*x. Let f = -36 + m. List the prime factors of f.
2, 7
Suppose -p = -2*t + 4, 0 = 2*t + 3 - 11. List the prime factors of p/10 - 104/(-40).
3
Suppose 2*p = -0*p. Let z = p + 0. Suppose -2*r + 21 = -3*t, -2*r - t - 3 + 28 = z. List the prime factors of r.
2, 3
Let q(g) = g**2 + 11*g + 12. Let s be q(-10). Suppose 4*z + 5*b - 103 = 0, -s*z + 0*b - 5*b = -39. List the prime factors of z.
2
Let t = -35 + 80. List the prime factors of t.
3, 5
Suppose 4*s + 12 = 4*x, 2*s + 5*x + 10 - 39 = 0. Let g(i) = 5 - 2*i + 2*i - i**s + 5*i. What are the prime factors of g(5)?
5
Suppose 7*u = u + 48. Let r = 6 + u. What are the prime factors of r?
2, 7
Let a = 242 + -108. What are the prime factors of a?
2, 67
Suppose 25 = 2*n - 3. List the prime factors of n.
2, 7
Let u(m) = -m**3 + m + 48. Let a be u(0). Suppose -2*f + a = -4*g - 4, 0 = -5*f - 4*g + 74. What are the prime factors of f?
2, 3
Let b(g) = -3*g**2 + 4*g**2 + 4 - 4*g - 3. List the prime factors of b(5).
2, 3
Let l = 253 - 84. What are the prime factors of l?
13
Suppose -d - x + 5 = 0, -3*d - 5*x = -6 - 11. Suppose -d*g = 3*p - 11 - 4, p = 3*g + 5. Let v(w) = w**2 + 8. What are the prime factors of v(g)?
2
Let l be -14 - 4 - (-2 + 1). What are the prime factors of (-4 + (-9)/(-3))*l?
17
Let a(y) = -y**2 + y + 136. List the prime factors of a(0).
2, 17
Let t(y) = y**2 - 4*y - 18. What are the prime factors of t(10)?
2, 3, 7
Let a(p) = 3*p**2. Let w be a(-1). Suppose 0 = b - w*b + 4. What are the prime factors of b?
2
Let c(l) = -5*l - 3. List the prime factors of c(-7).
2
Suppose 3 = 2*l + 1. List the prime factors of 0 + 18 - (0 + l).
17
Let b = -7 - -13. Suppose -b = -3*y + 2*y. Let a = -2 + y. List the prime factors of a.
2
Let r(f) = 15*f - 3. Let y = -14 - -17. List the prime factors of r(y).
2, 3, 7
Suppose 5*o + 5*a = 210, -5*o + 2*o = -3*a - 156. What are the prime factors of o?
47
List the prime factors of (-3)/2*(-110)/3.
5, 11
Suppose 5*u - 30 = -0*u. Let a = 4 + u. What are the prime factors of a*((-3)/2 - -2)?
5
List the prime factors of 178 - (2 + 3)/(-5).
179
W